+ 151a0?
9a66
In base 15, what is 0 - -61274a?
61274a
In base 2, what is -110110100011111110101011 + 101?
-110110100011111110100110
In base 11, what is -851a413 - -4?
-851a40a
In base 14, what is -3 - 6418c?
-64191
In base 14, what is 3c8 + -2c29?
-2841
In base 7, what is 21 + 12301423?
12301444
In base 7, what is 1134622 - -142?
1135064
In base 16, what is -19aca + -1a?
-19ae4
In base 6, what is 3421500 + -2300?
3415200
In base 2, what is -100111111101001001100111 - 11?
-100111111101001001101010
In base 7, what is -452265 - -5216?
-444046
In base 14, what is 92 + -7c42?
-7b90
In base 6, what is -1044 + -424142?
-425230
In base 13, what is -4066 - -154?
-3c12
In base 5, what is -424132 + -342030?
-1321212
In base 8, what is 2113310427 - -4?
2113310433
In base 7, what is -4 + -136362454?
-136362461
In base 8, what is 4 + -3054236?
-3054232
In base 5, what is 431122320 - 3?
431122312
In base 11, what is -3096a76 + 40?
-3096a36
In base 15, what is -54be4 - 1a?
-54c0e
In base 8, what is -4 + -67112771?
-67112775
In base 3, what is 20110 - -22222022122?
22222120002
In base 13, what is -34959 - -89?
-348a0
In base 5, what is 204103 + 120003?
324111
In base 11, what is -128 + -291017?
-291144
In base 10, what is -79 + -4224064?
-4224143
In base 13, what is 11a - -16288?
163a5
In base 16, what is -7379aea + 3?
-7379ae7
In base 11, what is 2572429 + -21?
2572408
In base 7, what is -1462030 + 411?
-1461316
In base 6, what is -450121222 + 21?
-450121201
In base 10, what is -7807762 + 2?
-7807760
In base 14, what is 1d + 32db92?
32dbb1
In base 3, what is -1220 - 1020022100?
-1020101020
In base 5, what is -14410404221 + 43?
-14410404123
In base 15, what is 1c54 - 321?
1933
In base 7, what is 341 - -1204060?
1204431
In base 12, what is 3b170b1 - 0?
3b170b1
In base 5, what is -442022412310 + 3?
-442022412302
In base 9, what is -1 - -4521402?
4521401
In base 2, what is -11111110111100000 - -1101111?
-11111110101110001
In base 2, what is 10010011000 - -1110111111011100?
1111010001110100
In base 4, what is -1000231120 + 102013?
-1000123101
In base 10, what is 712 - -30905?
31617
In base 11, what is 7aa8521 + -8?
7aa8514
In base 16, what is -d4d9 + 246?
-d293
In base 9, what is 4 - 1503541?
-1503536
In base 5, what is -142232 - 2011410?
-2204142
In base 7, what is -31651312 - 215?
-31651530
In base 10, what is -276 + -19123?
-19399
In base 12, what is -927b1 - -a17?
-91996
In base 4, what is 211 - 103313212010?
-103313211133
In base 7, what is -22326301630 - 1?
-22326301631
In base 12, what is 5 + 2a92848a?
2a928493
In base 8, what is 23 + 653711?
653734
In base 3, what is -110020002012110 - -2?
-110020002012101
In base 5, what is 13242133 - 0?
13242133
In base 10, what is -15911024 - 17?
-15911041
In base 14, what is -97aad1 - 3?
-97aad4
In base 4, what is 212131203 + -212220?
211312323
In base 14, what is 7174b - 7?
71744
In base 16, what is -1 - 15d664?
-15d665
In base 5, what is -234343221 + -2?
-234343223
In base 8, what is -11066415676 + -4?
-11066415702
In base 9, what is -66 + -1676666?
-1676743
In base 9, what is -4 - 43075424?
-43075428
In base 15, what is -1eae8a + 5?
-1eae85
In base 8, what is -4 + -134240254?
-134240260
In base 2, what is 1000111101011001001010111100 - 0?
1000111101011001001010111100
In base 5, what is -44422 - -214000?
114023
In base 16, what is 1dff5c - -b?
1dff67
In base 6, what is 34130542 + -15?
34130523
In base 15, what is 8 + 141224?
14122c
In base 9, what is -11328776 - 0?
-11328776
In base 2, what is -10101001101011100010101000110 - -11?
-10101001101011100010101000011
In base 5, what is 3333431 + 224100?
4113031
In base 8, what is -4263635 + 0?
-4263635
In base 11, what is 23 - -51aa3?
52016
In base 7, what is -431 - -55420?
54656
In base 2, what is 11001001000111 - -111110000101?
100000111001100
In base 8, what is 13657200 - 3?
13657175
In base 4, what is -11202203110 + 13320?
-11202123130
In base 7, what is 3000300 + 1525?
3002125
In base 2, what is 11 + 1001011000101011001101101?
1001011000101011001110000
In base 12, what is 803289 - -2?
80328b
In base 13, what is 2847175a4 - 1?
2847175a3
In base 10, what is 182 - 98063?
-97881
In base 4, what is 120112132111 + -120?
120112131331
In base 15, what is 50 - -187084?
1870d4
In base 11, what is 64241 - -23a5?
66636
In base 8, what is -5 + 102541651?
102541644
In base 11, what is 75a6875 - 3?
75a6872
In base 11, what is -215107 - -30?
-215087
In base 12, what is -1362 + 115194?
113a32
In base 2, what is -1111011011111000011 - 111110?
-1111011100000000001
In base 16, what is 543eb7 - -7?
543ebe
In base 4, what is -101013222233 + -2?
-101013222301
In base 13, what is 22 + -153a33?
-153a11
In base 12, what is 170140 - -20?
170160
In base 14, what is 82053 + ac6?
82b39
In base 4, what is -21210201112 - 0?
-21210201112
In base 5, what is -343331 - -21112?
-322214
In base 12, what is -1a176a2 - -11?
-1a17691
In base 5, what is 43240444 + -11344?
43224100
In base 3, what is -11 + -2212001222012212?
-2212001222020000
In base 10, what is -1 - 386504?
-386505
In base 10, what is -797 - 15826?
-16623
In base 11, what is -4178a3515 + 0?
-4178a3515
In base 6, what is -2022121 - 32?
-2022153
In base 3, what is -11 - 22102110102112?
-22102110102200
In base 5, what is -22144002 + 4?
-22143443
In base 14, what is 25 - -45824?
45849
In base 4, what is 3001220123 - -2122?
3001222311
In base 14, what is 12 - -13928d?
1392a1
In base 14, what is 3 + 465c194?
465c197
In base 12, what is -66727 - 133?
-6685a
In base 2, what is -11 - 101100100011111000001?
-101100100011111000100
In base 14, what is 3d33bc2 + -2?
3d33bc0
In base 4, what is -2133 + 223330112?
223321313
In base 15, what is 9b7e6 + 18?
9b80e
In base 12, what is 2 - -8080431b?
80804321
In base 13, what is -47521a + -5?
-475222
In base 7, what is -2633354 - 2156?
-2635543
In base 14, what is b65a7da + 3?
b65a7dd
In base 6, what is 134512 + 2330?
141242
In base 5, what is 134231013 - 13?
134231000
In base 4, what is 33211122 - -210?
33211332
In base 8, what is 5 + 3264751?
3264756
In base 3, what is 1101 - -20012122001?
20012200102
In base 14, what is 11 + -c87cd6?
-c87cc5
In base 12, what is -4103 - -5ba?
-3705
In base 7, what is -62 + 44043446?
44043354
In base 2, what is -10011 - -111011000011010111101000?
111011000011010111010101
In base 9, what is 206 - -1748803?
1750110
In base 12, what is 179 + -54572?
-543b5
In base 12, what is -50 + 1a04690?
1a04640
In base 8, what is 21 - -22065636?
22065657
In base 9, what is -8604 + -3?
-8607
In base 5, what is 11442 + 331144?
343141
In base 14, what is -106615 + 15?
-106600
In base 5, what is 3 - -233200413?
233200421
In base 13, what is 1439 + 16890?
17cc9
In base 11, what is 87a - 302635?
-301866
In base 4, what is 10201 - -22312013?
22322220
In base 10, what is 1764 - 244973?
-243209
In base 8, what is 1531650354 - -4?
1531650360
In base 14, what is 56 + -14bdd?
-14b87
In base 3, what is -10 + 1220222100100?
1220222100020
In base 8, what is 5 - -137025250?
137025255
In base 13, what is 28c4c + 88?
29007
In base 2, what is -10000101111110010111 + 110000010?
-10000101111000010101
In base 7, what is -305536 - 653?
-306522
In base 3, what is -11 + 1020200020000?
1020200012212
In base 12, what is 7163775 + -5?
7163770
In base 5, what is -1 - 20243433123?
-20243433124
In base 14, what is -1a59 - 312b3?
-32d2c
In base 4, what is 32323130113123 - 2?
32323130113121
In base 10, what is -1 + -69873506?
-69873507
In base 16, what is b6bb95 - 74?
b6bb21
In base 15, what is 4 + -13e6061?
-13e605c
In base 5, what is 242121202024 - 10?
242121202014
In base 11, what is 244585153 + -2?
244585151
In base 5, what is -130 + -14140131?
-14140311
In base 16, what is -8 + 13d5d08?
13d5d00
In base 14, what is -42829 + 7?
-42822
In base 10, what is -23 + -5806321?
-5806344
In base 5, what is 10 - -31314044444?
31314100004
In base 11, what is 94 + 24543a4?
2454488
In base 5, what is -10144 + -20404?
-31103
In base 5, what is 31224133140 + -4?
31224133131
In base 3, what is 12202 - -122220101122?
122220121101
In base 14, what is 11087 - -213?
1129a
In base 7, what is -235035 - -303?
-234432
In base 16, what is 2 - -fdc70?
fdc72
In base 15, what is 4d + 77c34?
77c82
In base 8, what is -131412 + -252?
-131664
In base